760499?
0
What is the ten millions digit of 191103186?
9
What is the hundred thousands digit of 44629002?
6
What is the hundred thousands digit of 339424994?
4
What is the units digit of 5058776502?
2
What is the millions digit of 1472012277?
2
What is the tens digit of 251812213?
1
What is the ten millions digit of 29458506?
2
What is the hundreds digit of 40943602?
6
What is the millions digit of 6211077668?
1
What is the thousands digit of 149188840?
8
What is the hundred millions digit of 645300261?
6
What is the millions digit of 852109027?
2
What is the units digit of 2605368225?
5
What is the ten thousands digit of 3167536720?
3
What is the hundred millions digit of 3311458981?
3
What is the hundreds digit of 320337579?
5
What is the thousands digit of 29329567?
9
What is the ten millions digit of 65777565?
6
What is the ten thousands digit of 31554945?
5
What is the ten thousands digit of 38592253?
9
What is the hundred thousands digit of 62413633?
4
What is the millions digit of 60550329?
0
What is the thousands digit of 539193575?
3
What is the hundreds digit of 25776478?
4
What is the hundred thousands digit of 39047915?
0
What is the hundreds digit of 10993969?
9
What is the ten thousands digit of 5837028696?
2
What is the thousands digit of 48089850?
9
What is the millions digit of 2753138?
2
What is the ten millions digit of 13078924?
1
What is the hundred millions digit of 170106145?
1
What is the hundreds digit of 199957263?
2
What is the tens digit of 3964428591?
9
What is the hundred thousands digit of 95721010?
7
What is the billions digit of 1941457128?
1
What is the ten thousands digit of 36722893?
2
What is the ten thousands digit of 433889257?
8
What is the hundred thousands digit of 5373819?
3
What is the ten millions digit of 58705352?
5
What is the units digit of 11362614?
4
What is the units digit of 177710638?
8
What is the millions digit of 1459815990?
9
What is the hundred thousands digit of 42826640?
8
What is the tens digit of 151875661?
6
What is the millions digit of 245735109?
5
What is the tens digit of 164381870?
7
What is the tens digit of 33714751?
5
What is the tens digit of 4707286419?
1
What is the thousands digit of 3821447715?
7
What is the hundred thousands digit of 188947066?
9
What is the thousands digit of 2054390430?
0
What is the units digit of 504167601?
1
What is the tens digit of 1425996649?
4
What is the ten thousands digit of 48881152?
8
What is the ten thousands digit of 242812747?
1
What is the tens digit of 752968004?
0
What is the ten thousands digit of 60839614?
3
What is the thousands digit of 40828743?
8
What is the hundreds digit of 443173079?
0
What is the ten millions digit of 416721120?
1
What is the hundreds digit of 602785398?
3
What is the hundreds digit of 5232184?
1
What is the millions digit of 282100394?
2
What is the tens digit of 44270381?
8
What is the millions digit of 373170163?
3
What is the hundreds digit of 76332102?
1
What is the units digit of 2483282241?
1
What is the hundred millions digit of 176311317?
1
What is the units digit of 223321778?
8
What is the thousands digit of 7939572?
9
What is the millions digit of 150756367?
0
What is the hundred thousands digit of 2772498576?
4
What is the ten millions digit of 79220663?
7
What is the ten millions digit of 30933193?
3
What is the hundred thousands digit of 877806842?
8
What is the hundred thousands digit of 17219863?
2
What is the tens digit of 2174922161?
6
What is the ten millions digit of 156113040?
5
What is the ten millions digit of 2061538039?
6
What is the hundred thousands digit of 548846527?
8
What is the ten thousands digit of 26527713?
2
What is the tens digit of 192165127?
2
What is the units digit of 72242436?
6
What is the hundreds digit of 1291072121?
1
What is the tens digit of 477244698?
9
What is the ten millions digit of 4634935535?
3
What is the hundreds digit of 85970342?
3
What is the billions digit of 3409945322?
3
What is the billions digit of 2596228425?
2
What is the ten thousands digit of 2635016?
3
What is the ten thousands digit of 242323490?
2
What is the ten thousands digit of 53565767?
6
What is the millions digit of 236138802?
6
What is the ten thousands digit of 57842925?
4
What is the hundreds digit of 3108264902?
9
What is the hundred millions digit of 771475442?
7
What is the thousands digit of 301130662?
0
What is the hundreds digit of 798331584?
5
What is the ten thousands digit of 1083516?
8
What is the hundred millions digit of 116172941?
1
What is the thousands digit of 1318678060?
8
What is the hundred thousands digit of 210183633?
1
What is the hundreds digit of 2025879421?
4
What is the tens digit of 4378653833?
3
What is the tens digit of 1641899091?
9
What is the tens digit of 286310394?
9
What is the ten thousands digit of 20024684?
2
What is the tens digit of 1798841501?
0
What is the hundred millions digit of 1357401154?
3
What is the hundreds digit of 29022154?
1
What is the thousands digit of 1010855225?
5
What is the hundred thousands digit of 3427658561?
6
What is the tens digit of 359444793?
9
What is the ten thousands digit of 4676023?
7
What is the thousands digit of 594195796?
5
What is the hundred thousands digit of 50654654?
6
What is the hundreds digit of 3865539652?
6
What is the units digit of 94450987?
7
What is the hundreds digit of 98600317?
3
What is the hundreds digit of 3531237021?
0
What is the thousands digit of 95268874?
8
What is the millions digit of 231906593?
1
What is the millions digit of 861010343?
1
What is the units digit of 5160335103?
3
What is the ten millions digit of 255257410?
5
What is the ten millions digit of 46642781?
4
What is the hundred thousands digit of 49705598?
7
What is the thousands digit of 8785764?
5
What is the millions digit of 34857726?
4
What is the millions digit of 422605501?
2
What is the hundred millions digit of 1245819253?
2
What is the hundred thousands digit of 1185589493?
5
What is the units digit of 4832720892?
2
What is the ten millions digit of 6566277901?
6
What is the hundred thousands digit of 142667966?
6
What is the ten thousands digit of 2839859257?
5
What is the thousands digit of 1652631935?
1
What is the tens digit of 1491054504?
0
What is the hundreds digit of 1253762163?
1
What is the thousands digit of 5309873?
9
What is the ten thousands digit of 4126265489?
6
What is the ten thousands digit of 140100007?
0
What is the billions digit of 1191676978?
1
What is the billions digit of 5357267674?
5
What is the hundreds digit of 697962920?
9
What is the billions digit of 6569785271?
6
What is the units digit of 10634178?
8
What is the units digit of 24020449?
9
What is the units digit of 107201599?
9
What is the hundred thousands digit of 995257054?
2
What is the hundreds digit of 221664404?
4
What is the ten thousands digit of 85900398?
0
What is the billions digit of 1031392898?
1
What is the millions digit of 79852058?
9
What is the hundred millions digit of 312174836?
3
What is the ten thousands digit of 1552809796?
0
What is the millions digit of 1150059300?
0
What is the thousands digit of 194080785?
0
What is the tens digit of 1462182856?
5
What is the tens digit of 1289427821?
2
What is the hundred thousands digit of 1224777311?
7
What is the hundreds digit of 280160548?
5
What is the billions digit of 1247972296?
1
What is the units digit of 999072142?
2
What is the hundred millions digit of 3079623552?
0
What is the tens digit of 810973104?
0
What is the tens digit of 412087614?
1
What is the ten thousands digit of 1411198898?
9
What is the millions digit of 1091990188?
1
What is the tens digit of 121718624?
2
What is the tens digit of 121524924?
2
What is the millions digit of 387385160?
7
What is the hundreds digit of 76699245?
2
What is the thousands digit of 186908639?
8
What is the hundred millions digit of 599711412?
5
What is the ten thousands digit of 33084905?
8
What is the thousands digit of 64387092?
7
What is the thousands digit of 108097175?
7
What is the hundred thousands digit of 332823492?
8
What is the millions digit of 324981214?
4
What is the ten thousands digit of 14849131?
4
What is the ten thousands digit of 2959678934?
7
What is the ten millions di